e thousands digit of 266891?
6
What is the ten thousands digit of 20614146?
1
What is the ten millions digit of 16929490?
1
What is the ten thousands digit of 429930?
2
What is the units digit of 1917552?
2
What is the hundreds digit of 78170?
1
What is the ten thousands digit of 328968?
2
What is the tens digit of 172751?
5
What is the tens digit of 116925?
2
What is the thousands digit of 2763590?
3
What is the hundred thousands digit of 574582?
5
What is the units digit of 543276?
6
What is the ten thousands digit of 3286726?
8
What is the ten thousands digit of 211799?
1
What is the thousands digit of 86211?
6
What is the hundreds digit of 1039353?
3
What is the hundreds digit of 36377249?
2
What is the hundreds digit of 11193609?
6
What is the units digit of 3182303?
3
What is the hundreds digit of 8591?
5
What is the thousands digit of 996877?
6
What is the hundreds digit of 11191708?
7
What is the hundred thousands digit of 3610943?
6
What is the units digit of 13276529?
9
What is the ten thousands digit of 421591?
2
What is the thousands digit of 7392941?
2
What is the thousands digit of 8945?
8
What is the units digit of 489920?
0
What is the tens digit of 8325760?
6
What is the thousands digit of 481302?
1
What is the hundreds digit of 8134655?
6
What is the tens digit of 537172?
7
What is the thousands digit of 1837367?
7
What is the units digit of 3655727?
7
What is the millions digit of 10216655?
0
What is the ten thousands digit of 694350?
9
What is the units digit of 536334?
4
What is the units digit of 2864947?
7
What is the units digit of 414569?
9
What is the ten thousands digit of 4112237?
1
What is the tens digit of 1299214?
1
What is the tens digit of 2850096?
9
What is the tens digit of 1179102?
0
What is the units digit of 5508731?
1
What is the ten millions digit of 15143910?
1
What is the thousands digit of 178446?
8
What is the units digit of 480963?
3
What is the tens digit of 1861619?
1
What is the tens digit of 1917397?
9
What is the units digit of 2082140?
0
What is the hundreds digit of 1084198?
1
What is the thousands digit of 8572610?
2
What is the hundred thousands digit of 372450?
3
What is the hundreds digit of 10826?
8
What is the thousands digit of 2272147?
2
What is the thousands digit of 254235?
4
What is the units digit of 24610430?
0
What is the tens digit of 10760464?
6
What is the hundreds digit of 8569846?
8
What is the ten thousands digit of 6259229?
5
What is the tens digit of 2285365?
6
What is the units digit of 126561?
1
What is the ten thousands digit of 138761?
3
What is the units digit of 305010?
0
What is the hundred thousands digit of 1116458?
1
What is the thousands digit of 19276831?
6
What is the hundreds digit of 15556?
5
What is the units digit of 97898?
8
What is the hundred thousands digit of 8265139?
2
What is the hundreds digit of 485678?
6
What is the ten thousands digit of 2449350?
4
What is the millions digit of 28715213?
8
What is the units digit of 299210?
0
What is the thousands digit of 817611?
7
What is the ten thousands digit of 1064801?
6
What is the units digit of 3537983?
3
What is the thousands digit of 410881?
0
What is the units digit of 10779117?
7
What is the units digit of 4725947?
7
What is the tens digit of 9546821?
2
What is the tens digit of 2950893?
9
What is the millions digit of 8001371?
8
What is the hundred thousands digit of 842956?
8
What is the ten thousands digit of 2719970?
1
What is the tens digit of 13267493?
9
What is the tens digit of 178188?
8
What is the ten thousands digit of 3076628?
7
What is the millions digit of 18124060?
8
What is the tens digit of 888147?
4
What is the tens digit of 4090570?
7
What is the tens digit of 602328?
2
What is the hundreds digit of 3180681?
6
What is the tens digit of 355096?
9
What is the thousands digit of 2071574?
1
What is the ten thousands digit of 126251?
2
What is the thousands digit of 1395190?
5
What is the units digit of 6721053?
3
What is the tens digit of 163615?
1
What is the units digit of 764361?
1
What is the thousands digit of 1399911?
9
What is the hundreds digit of 766953?
9
What is the units digit of 6893?
3
What is the thousands digit of 2273565?
3
What is the hundreds digit of 2776074?
0
What is the units digit of 773724?
4
What is the units digit of 3130437?
7
What is the hundreds digit of 4485370?
3
What is the tens digit of 11990287?
8
What is the tens digit of 829819?
1
What is the hundreds digit of 667140?
1
What is the thousands digit of 971294?
1
What is the thousands digit of 435705?
5
What is the ten thousands digit of 507574?
0
What is the thousands digit of 1758227?
8
What is the ten thousands digit of 1673210?
7
What is the millions digit of 1660397?
1
What is the millions digit of 1202087?
1
What is the ten millions digit of 31338708?
3
What is the tens digit of 3088964?
6
What is the units digit of 7700331?
1
What is the thousands digit of 237626?
7
What is the tens digit of 8126529?
2
What is the tens digit of 920909?
0
What is the ten thousands digit of 619385?
1
What is the units digit of 10781013?
3
What is the ten thousands digit of 700886?
0
What is the units digit of 126567?
7
What is the ten thousands digit of 2163534?
6
What is the ten thousands digit of 273048?
7
What is the units digit of 8578459?
9
What is the tens digit of 4328762?
6
What is the units digit of 546493?
3
What is the ten thousands digit of 190173?
9
What is the ten thousands digit of 199219?
9
What is the ten thousands digit of 672077?
7
What is the ten thousands digit of 1804498?
0
What is the hundreds digit of 174722?
7
What is the hundreds digit of 7517769?
7
What is the tens digit of 982162?
6
What is the hundreds digit of 1419224?
2
What is the thousands digit of 19812?
9
What is the units digit of 6862320?
0
What is the hundreds digit of 39158?
1
What is the tens digit of 482844?
4
What is the ten thousands digit of 7389750?
8
What is the hundreds digit of 9894304?
3
What is the hundreds digit of 198155?
1
What is the hundreds digit of 46066?
0
What is the hundreds digit of 5712646?
6
What is the thousands digit of 337409?
7
What is the hundreds digit of 4614759?
7
What is the thousands digit of 487857?
7
What is the thousands digit of 412935?
2
What is the millions digit of 4467046?
4
What is the hundreds digit of 613051?
0
What is the hundreds digit of 251484?
4
What is the ten thousands digit of 5115364?
1
What is the hundreds digit of 554661?
6
What is the hundred thousands digit of 2116397?
1
What is the tens digit of 449165?
6
What is the units digit of 2795944?
4
What is the hundreds digit of 12760875?
8
What is the hundred thousands digit of 31550727?
5
What is the tens digit of 4999428?
2
What is the ten thousands digit of 4708192?
0
What is the ten thousands digit of 112302?
1
What is the tens digit of 25170?
7
What is the units digit of 10475481?
1
What is the units digit of 4465065?
5
What is the thousands digit of 10243665?
3
What is the hundred thousands digit of 1001913?
0
What is the ten millions digit of 19145835?
1
What is the units digit of 2211139?
9
What is the tens digit of 16891844?
4
What is the thousands digit of 452001?
2
What is the hundreds digit of 5353861?
8
What is the units digit of 4855507?
7
What is the ten millions digit of 14114386?
1
What is the thousands digit of 745703?
5
What is the units digit of 426524?
4
What is the hundreds digit of 924258?
2
What is the tens digit of 441281?
8
What is the tens digit of 701780?
8
What is the hundred thousands digit of 15130626?
1
What is the hundred thousands digit of 1235928?
2
What is the hundred thousands digit of 447807?
4
What is the hundreds digit of 243943?
9
What is the thousands digit of 8962?
8
What is the tens digit of 108727?
2
What is the ten thousands digit of 701914?
0
What is the tens digit of 69749?
4
What is the hundred thousands digit of 8249470?
2
What is the hundred thousands digit of 16294471?
2
What is the units digit of 4398004?
4
What is the tens digit of 1183231?
3
What is the ten thousands digit of 8820279?
2
What is the millions digit of 5644812?
5
What is the units digit of 946153?
3
What is the hundreds digit of 2130896?
8
What is the hundreds digit of 1205754?
7
What is the ten t